{"id":325,"date":"2021-04-04T18:15:47","date_gmt":"2021-04-04T18:15:47","guid":{"rendered":"https:\/\/www.patrykszymanski.com\/?page_id=325"},"modified":"2021-04-10T18:38:36","modified_gmt":"2021-04-10T18:38:36","slug":"opowiadanie","status":"publish","type":"page","link":"https:\/\/www.patrykszymanski.com\/?page_id=325","title":{"rendered":"OPOWIADANIA"},"content":{"rendered":"\n<p>Kilka lat temu Fenris oszuka\u0142 mnie i wrobi\u0142 w wieloletni\u0105 s\u0142u\u017cb\u0119 na jego rzecz. Oto fragmenty tej historii.<\/p>\n\n\n<ul class=\"wp-block-latest-posts__list wp-block-latest-posts\"><li><div class=\"wp-block-latest-posts__featured-image alignleft\"><img loading=\"lazy\" decoding=\"async\" width=\"150\" height=\"150\" src=\"https:\/\/www.patrykszymanski.com\/wp-content\/uploads\/2023\/12\/IMG_8641-Edit-2-150x150.jpg\" class=\"attachment-thumbnail size-thumbnail wp-post-image\" alt=\"\" style=\"max-width:113px;max-height:113px;\" srcset=\"https:\/\/www.patrykszymanski.com\/wp-content\/uploads\/2023\/12\/IMG_8641-Edit-2-150x150.jpg 150w, https:\/\/www.patrykszymanski.com\/wp-content\/uploads\/2023\/12\/IMG_8641-Edit-2-640x640.jpg 640w, https:\/\/www.patrykszymanski.com\/wp-content\/uploads\/2023\/12\/IMG_8641-Edit-2-960x960.jpg 960w, https:\/\/www.patrykszymanski.com\/wp-content\/uploads\/2023\/12\/IMG_8641-Edit-2-140x140.jpg 140w, https:\/\/www.patrykszymanski.com\/wp-content\/uploads\/2023\/12\/IMG_8641-Edit-2-50x50.jpg 50w, https:\/\/www.patrykszymanski.com\/wp-content\/uploads\/2023\/12\/IMG_8641-Edit-2-666x666.jpg 666w, https:\/\/www.patrykszymanski.com\/wp-content\/uploads\/2023\/12\/IMG_8641-Edit-2-80x80.jpg 80w\" sizes=\"(max-width: 150px) 100vw, 150px\" \/><\/div><a class=\"wp-block-latest-posts__post-title\" href=\"https:\/\/www.patrykszymanski.com\/?p=587\">J\u0105dro ciemno\u015bci<\/a><\/li>\n<li><div class=\"wp-block-latest-posts__featured-image alignleft\"><img loading=\"lazy\" decoding=\"async\" width=\"150\" height=\"150\" src=\"https:\/\/www.patrykszymanski.com\/wp-content\/uploads\/2022\/03\/IMG_6071-Edit-150x150.jpg\" class=\"attachment-thumbnail size-thumbnail wp-post-image\" alt=\"Irlandia\" style=\"max-width:113px;max-height:113px;\" srcset=\"https:\/\/www.patrykszymanski.com\/wp-content\/uploads\/2022\/03\/IMG_6071-Edit-150x150.jpg 150w, https:\/\/www.patrykszymanski.com\/wp-content\/uploads\/2022\/03\/IMG_6071-Edit-640x640.jpg 640w, https:\/\/www.patrykszymanski.com\/wp-content\/uploads\/2022\/03\/IMG_6071-Edit-960x960.jpg 960w, https:\/\/www.patrykszymanski.com\/wp-content\/uploads\/2022\/03\/IMG_6071-Edit-140x140.jpg 140w, https:\/\/www.patrykszymanski.com\/wp-content\/uploads\/2022\/03\/IMG_6071-Edit-50x50.jpg 50w, https:\/\/www.patrykszymanski.com\/wp-content\/uploads\/2022\/03\/IMG_6071-Edit-666x666.jpg 666w, https:\/\/www.patrykszymanski.com\/wp-content\/uploads\/2022\/03\/IMG_6071-Edit-80x80.jpg 80w\" sizes=\"(max-width: 150px) 100vw, 150px\" \/><\/div><a class=\"wp-block-latest-posts__post-title\" href=\"https:\/\/www.patrykszymanski.com\/?p=463\">Jak pogodzi\u0142em si\u0119 z Fenrisem<\/a><\/li>\n<li><div class=\"wp-block-latest-posts__featured-image alignleft\"><img loading=\"lazy\" decoding=\"async\" width=\"150\" height=\"150\" src=\"https:\/\/www.patrykszymanski.com\/wp-content\/uploads\/2021\/05\/WhatsApp-Image-2020-11-25-at-18.30.36-150x150.jpeg\" class=\"attachment-thumbnail size-thumbnail wp-post-image\" alt=\"\" style=\"max-width:113px;max-height:113px;\" srcset=\"https:\/\/www.patrykszymanski.com\/wp-content\/uploads\/2021\/05\/WhatsApp-Image-2020-11-25-at-18.30.36-150x150.jpeg 150w, https:\/\/www.patrykszymanski.com\/wp-content\/uploads\/2021\/05\/WhatsApp-Image-2020-11-25-at-18.30.36-640x640.jpeg 640w, https:\/\/www.patrykszymanski.com\/wp-content\/uploads\/2021\/05\/WhatsApp-Image-2020-11-25-at-18.30.36-960x960.jpeg 960w, https:\/\/www.patrykszymanski.com\/wp-content\/uploads\/2021\/05\/WhatsApp-Image-2020-11-25-at-18.30.36-140x140.jpeg 140w, https:\/\/www.patrykszymanski.com\/wp-content\/uploads\/2021\/05\/WhatsApp-Image-2020-11-25-at-18.30.36-50x50.jpeg 50w, https:\/\/www.patrykszymanski.com\/wp-content\/uploads\/2021\/05\/WhatsApp-Image-2020-11-25-at-18.30.36-666x666.jpeg 666w, https:\/\/www.patrykszymanski.com\/wp-content\/uploads\/2021\/05\/WhatsApp-Image-2020-11-25-at-18.30.36-80x80.jpeg 80w\" sizes=\"(max-width: 150px) 100vw, 150px\" \/><\/div><a class=\"wp-block-latest-posts__post-title\" href=\"https:\/\/www.patrykszymanski.com\/?p=378\">Pie\u015bniarka<\/a><\/li>\n<li><div class=\"wp-block-latest-posts__featured-image alignleft\"><img loading=\"lazy\" decoding=\"async\" width=\"150\" height=\"150\" src=\"https:\/\/www.patrykszymanski.com\/wp-content\/uploads\/2021\/01\/IMG_9751-Edit-150x150.jpg\" class=\"attachment-thumbnail size-thumbnail wp-post-image\" alt=\"\" style=\"max-width:113px;max-height:113px;\" srcset=\"https:\/\/www.patrykszymanski.com\/wp-content\/uploads\/2021\/01\/IMG_9751-Edit-150x150.jpg 150w, https:\/\/www.patrykszymanski.com\/wp-content\/uploads\/2021\/01\/IMG_9751-Edit-640x640.jpg 640w, https:\/\/www.patrykszymanski.com\/wp-content\/uploads\/2021\/01\/IMG_9751-Edit-960x960.jpg 960w, https:\/\/www.patrykszymanski.com\/wp-content\/uploads\/2021\/01\/IMG_9751-Edit-140x140.jpg 140w, https:\/\/www.patrykszymanski.com\/wp-content\/uploads\/2021\/01\/IMG_9751-Edit-50x50.jpg 50w, https:\/\/www.patrykszymanski.com\/wp-content\/uploads\/2021\/01\/IMG_9751-Edit-666x666.jpg 666w, https:\/\/www.patrykszymanski.com\/wp-content\/uploads\/2021\/01\/IMG_9751-Edit-80x80.jpg 80w\" sizes=\"(max-width: 150px) 100vw, 150px\" \/><\/div><a class=\"wp-block-latest-posts__post-title\" href=\"https:\/\/www.patrykszymanski.com\/?p=336\">Kl\u0105twa Gunvor<\/a><\/li>\n<li><div class=\"wp-block-latest-posts__featured-image alignleft\"><img loading=\"lazy\" decoding=\"async\" width=\"150\" height=\"150\" src=\"https:\/\/www.patrykszymanski.com\/wp-content\/uploads\/2020\/12\/IMG_1630-Edit-150x150.jpg\" class=\"attachment-thumbnail size-thumbnail wp-post-image\" alt=\"\" style=\"max-width:113px;max-height:113px;\" srcset=\"https:\/\/www.patrykszymanski.com\/wp-content\/uploads\/2020\/12\/IMG_1630-Edit-150x150.jpg 150w, https:\/\/www.patrykszymanski.com\/wp-content\/uploads\/2020\/12\/IMG_1630-Edit-640x640.jpg 640w, https:\/\/www.patrykszymanski.com\/wp-content\/uploads\/2020\/12\/IMG_1630-Edit-960x960.jpg 960w, https:\/\/www.patrykszymanski.com\/wp-content\/uploads\/2020\/12\/IMG_1630-Edit-140x140.jpg 140w, https:\/\/www.patrykszymanski.com\/wp-content\/uploads\/2020\/12\/IMG_1630-Edit-50x50.jpg 50w, https:\/\/www.patrykszymanski.com\/wp-content\/uploads\/2020\/12\/IMG_1630-Edit-666x666.jpg 666w, https:\/\/www.patrykszymanski.com\/wp-content\/uploads\/2020\/12\/IMG_1630-Edit-80x80.jpg 80w\" sizes=\"(max-width: 150px) 100vw, 150px\" \/><\/div><a class=\"wp-block-latest-posts__post-title\" href=\"https:\/\/www.patrykszymanski.com\/?p=235\">14:46<\/a><\/li>\n<\/ul>","protected":false},"excerpt":{"rendered":"<p class=\"more-link\"><a href=\"https:\/\/www.patrykszymanski.com\/?page_id=325\" class=\"readmore\"><svg class=\"icon icon-arrow-right\" aria-hidden=\"true\" role=\"img\"> <use href=\"#icon-arrow-right\" xlink:href=\"#icon-arrow-right\"><\/use> <\/svg><span class=\"screen-reader-text\">OPOWIADANIA<\/span><\/a><\/p>\n","protected":false},"author":1,"featured_media":0,"parent":0,"menu_order":0,"comment_status":"closed","ping_status":"closed","template":"","meta":{"jetpack_post_was_ever_published":false,"footnotes":""},"jetpack_sharing_enabled":true,"_links":{"self":[{"href":"https:\/\/www.patrykszymanski.com\/index.php?rest_route=\/wp\/v2\/pages\/325"}],"collection":[{"href":"https:\/\/www.patrykszymanski.com\/index.php?rest_route=\/wp\/v2\/pages"}],"about":[{"href":"https:\/\/www.patrykszymanski.com\/index.php?rest_route=\/wp\/v2\/types\/page"}],"author":[{"embeddable":true,"href":"https:\/\/www.patrykszymanski.com\/index.php?rest_route=\/wp\/v2\/users\/1"}],"replies":[{"embeddable":true,"href":"https:\/\/www.patrykszymanski.com\/index.php?rest_route=%2Fwp%2Fv2%2Fcomments&post=325"}],"version-history":[{"count":5,"href":"https:\/\/www.patrykszymanski.com\/index.php?rest_route=\/wp\/v2\/pages\/325\/revisions"}],"predecessor-version":[{"id":352,"href":"https:\/\/www.patrykszymanski.com\/index.php?rest_route=\/wp\/v2\/pages\/325\/revisions\/352"}],"wp:attachment":[{"href":"https:\/\/www.patrykszymanski.com\/index.php?rest_route=%2Fwp%2Fv2%2Fmedia&parent=325"}],"curies":[{"name":"wp","href":"https:\/\/api.w.org\/{rel}","templated":true}]}}